{"id":76,"date":"2021-01-08T18:55:31","date_gmt":"2021-01-08T17:55:31","guid":{"rendered":"https:\/\/beta.steiger-beratung.ch\/?page_id=76"},"modified":"2022-01-28T10:34:28","modified_gmt":"2022-01-28T09:34:28","slug":"teams-und-institutionen","status":"publish","type":"page","link":"https:\/\/beta.steiger-beratung.ch\/?page_id=76","title":{"rendered":"Teams und Institutionen"},"content":{"rendered":"\n<p><strong>Angebot&nbsp;f\u00fcr&nbsp;Teams,&nbsp;Institutionen&nbsp;und&nbsp;Einzelpersonen&nbsp;im&nbsp;beruflichen Kontext<\/strong><\/p>\n\n\n\n<ul class=\"wp-block-list\"><li>Teamentwicklung \/ Teamtage \/ Teamevents<\/li><li>Konfliktberatung und Mediation<\/li><li>Intervision \/ Fallbesprechungen f\u00fcr Einzelpersonen und Teams<\/li><li>Beratung und Unterst\u00fctzung bei der Bearbeitung von beruflichen Anliegen, auch f\u00fcr Berufseinsteiger und Personen in Ausbildung<\/li><li>Supervision<\/li><li>Moderation f\u00fcr Teamtage \/ Weiterbildungen<\/li><li>Einzel-\/ F\u00fchrungscoaching<\/li><li>Organsiationsentwicklung<\/li><li>Fachberatung<\/li><\/ul>\n\n\n\n<p><strong>F\u00fcr Schulen und Klassen biete ich noch weitere spezifische Angebote an:<\/strong><\/p>\n\n\n\n<ul class=\"wp-block-list\"><li>Mutig Mutig<\/li><li>Stopp-Regel<\/li><li>Selbstwert \/ Selbstbewusstsein<\/li><li>Selbstverteidigung<\/li><li>Fair im Klassenzimmer<\/li><li>und vieles mehr&#8230;<\/li><\/ul>\n\n\n\n<p>Ich freue mich auf Ihre Kontaktaufnahme<\/p>\n","protected":false},"excerpt":{"rendered":"<p>Angebot&nbsp;f\u00fcr&nbsp;Teams,&nbsp;Institutionen&nbsp;und&nbsp;Einzelpersonen&nbsp;im&nbsp;beruflichen Kontext Teamentwicklung \/ Teamtage \/ Teamevents Konfliktberatung und Mediation Intervision \/ Fallbesprechungen f\u00fcr Einzelpersonen und Teams Beratung und Unterst\u00fctzung bei der Bearbeitung von beruflichen Anliegen, auch f\u00fcr Berufseinsteiger und Personen in Ausbildung Supervision Moderation f\u00fcr Teamtage \/ Weiterbildungen Einzel-\/ F\u00fchrungscoaching Organsiationsentwicklung Fachberatung F\u00fcr Schulen und Klassen biete ich noch weitere spezifische Angebote an: Mutig &hellip; <\/p>\n<p class=\"link-more\"><a href=\"https:\/\/beta.steiger-beratung.ch\/?page_id=76\" class=\"more-link\"><span class=\"screen-reader-text\">&#171;Teams und Institutionen&#187;<\/span> weiterlesen<\/a><\/p>\n","protected":false},"author":1,"featured_media":0,"parent":43,"menu_order":5,"comment_status":"closed","ping_status":"closed","template":"","meta":{"footnotes":""},"class_list":["post-76","page","type-page","status-publish","hentry"],"_links":{"self":[{"href":"https:\/\/beta.steiger-beratung.ch\/index.php?rest_route=\/wp\/v2\/pages\/76","targetHints":{"allow":["GET"]}}],"collection":[{"href":"https:\/\/beta.steiger-beratung.ch\/index.php?rest_route=\/wp\/v2\/pages"}],"about":[{"href":"https:\/\/beta.steiger-beratung.ch\/index.php?rest_route=\/wp\/v2\/types\/page"}],"author":[{"embeddable":true,"href":"https:\/\/beta.steiger-beratung.ch\/index.php?rest_route=\/wp\/v2\/users\/1"}],"replies":[{"embeddable":true,"href":"https:\/\/beta.steiger-beratung.ch\/index.php?rest_route=%2Fwp%2Fv2%2Fcomments&post=76"}],"version-history":[{"count":12,"href":"https:\/\/beta.steiger-beratung.ch\/index.php?rest_route=\/wp\/v2\/pages\/76\/revisions"}],"predecessor-version":[{"id":265,"href":"https:\/\/beta.steiger-beratung.ch\/index.php?rest_route=\/wp\/v2\/pages\/76\/revisions\/265"}],"up":[{"embeddable":true,"href":"https:\/\/beta.steiger-beratung.ch\/index.php?rest_route=\/wp\/v2\/pages\/43"}],"wp:attachment":[{"href":"https:\/\/beta.steiger-beratung.ch\/index.php?rest_route=%2Fwp%2Fv2%2Fmedia&parent=76"}],"curies":[{"name":"wp","href":"https:\/\/api.w.org\/{rel}","templated":true}]}}